/a. Suppose -4*l + 81 = 5*y, 3*y - 50 = -v*l + l. What is the tens digit of y?
1
Suppose y + 2*k - 260 = -y, 0 = -y - 3*k + 124. Let z = y + -90. What is the tens digit of z?
4
Let z(g) = -g**2 - 14*g - 28. Let o be z(-9). Let d = -4 + o. What is the units digit of d?
3
Suppose -21 = -5*p - d + 15, 5 = 5*d. What is the units digit of 6/10 - (2435/(-25) + p)?
1
Let i(f) = f**2 - 22. Let k be i(0). Let x = 25 + k. What is the units digit of x?
3
Suppose 3985 = 5*a - k, -4*k - 3970 = a - 6*a. What is the hundreds digit of a?
7
Let t(s) = -12*s**3 + 7*s**3 - 10*s**2 + 6*s**3 - s - 14. Let v be t(11). Suppose v = 3*p - 15. What is the units digit of p?
7
Let w(v) = -v + 6 + 2*v + 0*v + 11. Let x(a) = -a**3 - 12*a**2 + 12*a - 5. Let i be x(-13). What is the tens digit of w(i)?
2
Suppose 130*i - 125*i = 2570. What is the units digit of i?
4
Suppose 3*w - 53 + 20 = 0. Suppose -2*p - 253 = w*i - 12*i, 2*p = -3*i + 799. What is the hundreds digit of i?
2
Let j(k) be the third derivative of k**6/120 + k**5/12 - 5*k**4/24 + 7*k**3/6 + 2*k**2. Let y be j(-8). Let f = -97 - y. What is the tens digit of f?
4
Let c(t) = t**3 - 10*t**2 + 11*t - 9. Let q be c(9). Let k(z) = -z**3 + 7*z**2 + 19*z + 2. What is the tens digit of k(q)?
1
Let v(p) = 175*p - 231. What is the tens digit of v(12)?
6
Let h = -33 + 33. Suppose 4*o + h*o = 324. What is the units digit of o?
1
Suppose -316*b - 556 = -318*b. What is the units digit of b?
8
Suppose 0 = -5*v - 2*h + 1945, -5*h = -v - 0*v + 362. What is the hundreds digit of v?
3
Let b = 1657 - 830. What is the units digit of b?
7
Suppose 5*y - 40 = 4*d, -y = 2*d + 5 + 1. Suppose 6 - y = o. Suppose o*a - 13 = a. What is the units digit of a?
3
Suppose 3*q - 4*c - 11 = 280, 3*q - 264 = -5*c. What is the tens digit of q?
9
Suppose 4*b - 21 = -1. Suppose 0 = 4*p - 17 + b. Suppose p*d - 89 + 20 = 0. What is the units digit of d?
3
Let q(j) = 8*j**3 - 2*j**2 + 3*j - 2. Let w be q(2). Let o = w + -33. Suppose -3*d - 4*t + 109 = 0, -d - o = -2*d + t. What is the units digit of d?
1
Suppose -y - 19 = 5. Let j be 210/(-1)*12/y. Suppose -4*m + 7*m - j = 0. What is the units digit of m?
5
Let v(h) = 6*h + 12. Let q be v(-3). What is the tens digit of 190/(-4)*q/15?
1
Let g(q) = 160*q**3 - 8*q**2 - 159*q**3 + q + 2 - 5. Let p be g(8). Suppose -171 = -3*j + 3*f, -p*j - 2*f + 5*f + 277 = 0. What is the tens digit of j?
5
Let c(b) be the third derivative of -b**6/120 - b**5/10 + 7*b**4/24 + b**3 + 7*b**2. What is the tens digit of c(-9)?
8
Let h = 55 - 53. Suppose -h*j = -30 - 68. What is the tens digit of j?
4
Let o = 5 + -13. What is the tens digit of (217 + o)/(2 + -1)?
0
Suppose 73*q = -15*q + 84480. What is the units digit of q?
0
Let k = 181 - -61. What is the tens digit of k?
4
Let w(t) = -6*t + 5. Let g be w(9). Let m = g - -80. What is the units digit of m?
1
Suppose 0 = 231*k - 225*k - 15408. What is the tens digit of k?
6
Suppose 0 = 16*k - k - 25530. What is the hundreds digit of k?
7
Let f be 3/2*(8 - 6). Suppose b + t = 12, -5*t - f = -b + 3. Suppose -1 = 2*y - b. What is the units digit of y?
5
Suppose 472 = 9*r - 5*r. Suppose -5*a = -197 - r. What is the units digit of a?
3
Let p be (6/4)/((-5)/50). What is the tens digit of ((-3)/(-9) - 1)*p?
1
Suppose 5*y + 112 - 12 = -5*s, 0 = 4*y. Let g = 215 - s. What is the hundreds digit of g?
2
Let r = -53 + 281. What is the tens digit of r?
2
Let r(q) = 73*q**2 - 26*q + 6. What is the thousands digit of r(6)?
2
Let k = -29 - -26. Let j be (3 + k - 4)/1. What is the units digit of 1 + -1 + (-2 - j)?
2
Let i be (7/(21/(-30)))/(-2). Suppose 30 = i*w - 295. What is the tens digit of w?
6
Let b = 83 + -85. What is the units digit of (-3)/b*(97 - 3)?
1
Suppose -7*u + 2*u - 3*f + 48 = 0, -2*u - f + 19 = 0. Let k(a) be the third derivative of -a**5/60 + 13*a**4/24 + a**2. What is the units digit of k(u)?
6
Let t = 23 - 31. What is the tens digit of (-4)/(-16) - 166/t?
2
Suppose -2*h + 0*h + 16 = 2*x, -x = 5*h - 28. Suppose 2*u = x*u + 2*w - 127, 4*u + 3*w = 503. Let y = u - 78. What is the tens digit of y?
4
Let l(y) = -227*y + 13. Let j be l(-4). Suppose -5*o + 0*o = 3*h - j, 3*h + 909 = 5*o. What is the units digit of o?
3
Suppose -2*c - 72 = c. Suppose -2*t = -14 - 60. Let x = c + t. What is the units digit of x?
3
Let y(p) = 9*p - 16. Let b be y(4). What is the units digit of (b/15)/((-4)/(-84))?
8
Let k(b) = -3*b**3 + 13*b**2 + b + 46. Let n(h) = 8*h**3 - 40*h**2 - 2*h - 139. Let f(s) = 11*k(s) + 4*n(s). What is the units digit of f(-18)?
0
Let x be (-33)/6 - (-2)/4. Let j(l) = l**3 + 6*l**2 + 2*l - 12. Let r be j(x). Suppose -12 = 3*h + 5*p - 73, 3*h - 51 = -r*p. What is the tens digit of h?
1
Suppose 0 = -4*p + 109 - 13. Let r = p - 25. What is the tens digit of (r - (-5)/1) + 21?
2
Let l(f) = -f**3 + 14*f**2 + 18*f - 21. Let q be l(15). Let i be 2/3*3 + -2. Suppose g + 2 + 2 = 0, i = 4*k + g - q. What is the units digit of k?
7
Let l(d) = -d**3 + 6*d**2 - 11*d + 2. Let v be l(3). What is the units digit of ((-312)/15)/v*5/1?
6
Suppose 3*m - 248 = -4*j, -j - 299 = -2*m - 2*m. Let g = m - 135. Let a = -11 - g. What is the units digit of a?
8
What is the units digit of (33 - 49/7)*(-5)/(-2)?
5
Let y be ((-2)/(-7))/(2/14). Let a(b) be the second derivative of 3*b**5/10 + b**4/12 - b**2 - b. What is the units digit of a(y)?
0
Suppose -2*r = -2*m + 3*r + 367, -3*m + 3*r + 573 = 0. What is the hundreds digit of m?
1
Suppose -4 = -t - 1. What is the tens digit of (t/3)/((-2)/(-100))?
5
What is the units digit of (-20030)/(-38) - (-18)/(-171)?
7
Let l be 70/(-21)*6/(-5). What is the units digit of 5 - l - 4 - -44?
1
Suppose 99 = 2*j + 9. Let c(m) = m**3 + 16*m**2 + 13*m - 28. Let x be c(-15). Suppose -j + 7 = -x*t. What is the tens digit of t?
1
Let h = -134 + 273. What is the tens digit of h?
3
Suppose -4653 = -3*h - 3*j, -3*h - 2932 = j - 7583. What is the hundreds digit of h?
5
Let q = 7 - 1. Let h(m) = -2*m + 0*m - 4*m - q - 5*m. What is the units digit of h(-3)?
7
Suppose -16*b + 13*b = -12. Suppose b*h = -5*u - 15, -u - 5 = -2*h - 6*u. What is the units digit of ((-15)/h)/((-3)/(-78))?
9
Suppose 4*m - 1796 = -3*c, -c - 2*m + 588 = 2*m. What is the hundreds digit of c?
6
Suppose -3*q + 18 = 5*u - 5*q, -8 = -3*u + 4*q. Suppose -3*f = 2*f - u*p + 6, p = 2*f. What is the units digit of (0 + 6)*f/3?
4
Suppose 214 = f + 4*y - 969, 0 = -y + 4. What is the hundreds digit of f?
1
Let s(f) = 16*f**2 + 2*f + 1. Let m = -13 - -15. Suppose -n - 5 = 4*i - 6*i, i = -4*n - m. What is the units digit of s(n)?
5
Let t(q) = 10*q**2 + 9*q - 9. Let c be t(5). Suppose 2*w - c = -0*w + 4*d, -5*w + 735 = -5*d. What is the tens digit of w?
5
Let o(z) = -615*z - 222. What is the hundreds digit of o(-5)?
8
Let b = 603 + -149. What is the tens digit of b?
5
Let u be (-8)/3*(-3843)/42. Suppose -2*j + j = -5*i - 654, 4*j = -2*i - u. Let c = i + 185. What is the tens digit of c?
5
Let h = -11 + 11. Let q(v) = -v**2 - v + 26. Let m be q(h). Let r = -1 + m. What is the units digit of r?
5
Let m be 1 + 1 + -1 - 1. Let g(o) = -8*o + 12 - 17*o - 16*o + 57*o - 17*o. What is the units digit of g(m)?
2
Suppose 1697 = 43*m - 42*m - z, -5*m = 3*z - 8493. What is the tens digit of m?
9
Let y = -1306 + 2531. What is the thousands digit of y?
1
Let w be 1/((-1)/(-10)) - 4. Suppose -w*a = -a - 175. What is the tens digit of a?
3
Let g(d) = 11*d + 2. Let u be -4 + 2*18 + -2. Let t be (24/u)/(2/5). What is the units digit of g(t)?
4
Let a(c) = -6 - 4*c - 10 + c**2 + 4*c - 5*c + 15. Suppose 4*n + 5*w = 4*w + 40, 0 = -4*n + 4*w + 40. What is the tens digit of a(n)?
4
Suppose 19*d = 27*d - 6536. What is the units digit of d?
7
Suppose 0 = -4*x - 0*x. Suppose x = s - 0*s. What is the units digit of s*2/(-2) + 20?
0
Let k(q) = q - 1. Let j be k(5). Suppose j*b + 11 = 35. Suppose -d + b = 4. What is the units digit of d?
2
What is the units digit of (-5 + 39/(-12))/((-3)/308)?
7
Let m be (-3)/6*-18 - 1. Suppose -m*z + 5*z - 48 = 0. Let v = z + 65. What is the tens digit of v?
4
Suppose 0 = 2*v - 4*v + 12. What is the units digit of (-19)/(v/(-3) - (-7)/4)?
6
Let m(d) = -114*d + 1. Let r be m(-3). Suppose -5*w + 3*j = -395, 4*w + 5*j - 2*j = r. What is the tens digit of w?
8
Suppose 0*a - 7*a = 819. Let d = 205 + a. What is the tens d